{"id":377,"date":"2021-06-02T09:43:57","date_gmt":"2021-06-02T07:43:57","guid":{"rendered":"https:\/\/www.wingsaway.de\/?page_id=377"},"modified":"2025-08-19T17:51:27","modified_gmt":"2025-08-19T15:51:27","slug":"impressum","status":"publish","type":"page","link":"https:\/\/www.wingsaway.de\/index.php\/impressum\/","title":{"rendered":"Impressum"},"content":{"rendered":"\n<p><strong>Angaben gem\u00e4\u00df \u00a7 5 TMG:<\/strong><\/p>\n\n\n\n<p><strong>Inhaber:<\/strong><\/p>\n\n\n\n<p>Philip Weser<\/p>\n\n\n\n<p><strong>Verantwortlich:<\/strong><\/p>\n\n\n\n<p>Philip Weser<br>Rietberger Stra\u00dfe 11<br>33449 Langenberg<\/p>\n\n\n\n<p>Mobil: 0175-1107664<\/p>\n\n\n\n<p><strong>Umsatzsteuer ID gem. \u00a7 27a UStG<\/strong>:<br>DE296372263<\/p>\n\n\n\n<h2 class=\"wp-block-heading\">Haftungsausschluss<\/h2>\n\n\n\n<p><em>1. Inhalte<\/em><\/p>\n\n\n\n<p>Der Betreiber \u00fcbernimmt keine Garantie daf\u00fcr, dass die auf dieser Website bereit gestellten Informationen vollst\u00e4ndig, richtig und in jedem Fall aktuell sind. Insbesondere \u00fcbernimmt der Betreiber keine Haftung f\u00fcr Inhalte, die ausdr\u00fccklich oder explizit als fremde Inhalte gekennzeichnet sind. Der Betreiber ist nicht daf\u00fcr verantwortlich, dass solche Inhalte vollst\u00e4ndig, richtig, aktuell und rechtm\u00e4\u00dfig sind und nicht in unzul\u00e4ssiger Weise in Rechtsg\u00fcter Dritter eingreifen. Dies gilt auch f\u00fcr Inhalte von Webseiten, auf die durch einen Link verwiesen wird.<\/p>\n\n\n\n<p>Der Betreiber beh\u00e4lt sich das Recht vor, ohne vorherige Ank\u00fcndigung \u00c4nderungen oder Erg\u00e4nzungen der bereitgestellten Informationen durchzuf\u00fchren oder diese zu entfernen.<\/p>\n\n\n\n<p><em>2. Links<\/em><\/p>\n\n\n\n<p>F\u00fcr die Richtigkeit der Inhalte bei direkten oder indirekten Verweisen auf fremde Webseiten die au\u00dferhalb des Verantwortungsbereiches des Autors liegen ist immer der jeweilige Anbieter oder Betreiber verantwortlich, weshalb diesbez\u00fcglich keinerlei Gew\u00e4hr \u00fcbernommen wird. Zum Zeitpunkt der Verlinkung waren keinerlei Rechtsverletzungen erkennbar. Falls dem Autor Rechtsverletzungen bekannt werden, werden die entsprechenden Links sofort entfernt.<\/p>\n\n\n\n<p>Dies gilt f\u00fcr alle innerhalb des eigenen Internetangebotes gesetzten Links und Verweise sowie f\u00fcr Fremdeintr\u00e4ge in vom Autor eingerichteten G\u00e4steb\u00fcchern, Diskussionsforen, Linkverzeichnissen, Mailinglisten und in allen anderen Formen von Datenbanken, auf deren Inhalt externe Schreibzugriffe m\u00f6glich sind.<\/p>\n\n\n\n<p><em>3. Urheberrecht<\/em><\/p>\n\n\n\n<p>Die durch den Betreiber dieser Seite erstellten Inhalte auf diesen Webseiten unterliegen dem deutschen Urheberrecht. S\u00e4mtliche Beitr\u00e4ge Dritter sind als solche gekennzeichnet. Eine Vervielf\u00e4ltigung oder Verwendung solcher Grafiken, Tondokumente, Videosequenzen und Texte in anderen elektronischen oder gedruckten Publikationen ist ohne ausdr\u00fcckliche Zustimmung des Autors nicht gestattet.<\/p>\n\n\n\n<p><em>4. Datenschutz<\/em><\/p>\n\n\n\n<p>F\u00fcr die Sicherheit der Daten\u00fcbertragung im Internet kann der Betreiber keine Gew\u00e4hr \u00fcbernehmen, insbesondere besteht bei der \u00dcbertragung von Daten per E-Mail die Gefahr des Zugriffs durch Dritte.<\/p>\n\n\n\n<p>Im Falle der Erhebung personenbezogener oder gesch\u00e4ftlicher Daten (E-Mail-Adressen, Namen, Anschriften) auf diesen Seiten erfolgt die Preisgabe dieser Daten seitens des Nutzers stets auf freiwilliger Basis.<\/p>\n\n\n\n<p>Einer Nutzung der ver\u00f6ffentlichten Kontaktdaten durch Dritte zu Werbezwecken wird hiermit ausdr\u00fccklich widersprochen. Der Betreiber beh\u00e4lt sich f\u00fcr den Fall unverlangt zugesandter Werbe- oder Informationsmaterialien ausdr\u00fccklich rechtliche Schritte vor.<\/p>\n\n\n\n<p><em>5. Rechtswirksamkeit dieses Haftungsausschlusses<\/em><\/p>\n\n\n\n<p>Vorstehender Haftungsausschluss ist Teil des Internetangebots, von dem aus auf diese Seite verwiesen wurde. Sollten einzelne Teile oder Formulierungen dieses Textes unwirksam sein oder werden, bleiben die \u00fcbrigen Regelungen in ihrem Inhalt und ihrer G\u00fcltigkeit hiervon unber\u00fchrt.<\/p>\n\n\n\n<p><\/p>\n","protected":false},"excerpt":{"rendered":"<p>Angaben gem\u00e4\u00df \u00a7 5 TMG: Inhaber: Philip Weser Verantwortlich: Philip WeserRietberger Stra\u00dfe 1133449 Langenberg Mobil: 0175-1107664 Umsatzsteuer ID gem. \u00a7 27a UStG:DE296372263 Haftungsausschluss 1. Inhalte Der Betreiber \u00fcbernimmt keine Garantie daf\u00fcr, dass die auf dieser Website bereit gestellten Informationen vollst\u00e4ndig,<\/p>\n","protected":false},"author":3,"featured_media":0,"parent":0,"menu_order":0,"comment_status":"closed","ping_status":"closed","template":"","meta":{"footnotes":""},"class_list":["post-377","page","type-page","status-publish","hentry"],"_links":{"self":[{"href":"https:\/\/www.wingsaway.de\/index.php\/wp-json\/wp\/v2\/pages\/377"}],"collection":[{"href":"https:\/\/www.wingsaway.de\/index.php\/wp-json\/wp\/v2\/pages"}],"about":[{"href":"https:\/\/www.wingsaway.de\/index.php\/wp-json\/wp\/v2\/types\/page"}],"author":[{"embeddable":true,"href":"https:\/\/www.wingsaway.de\/index.php\/wp-json\/wp\/v2\/users\/3"}],"replies":[{"embeddable":true,"href":"https:\/\/www.wingsaway.de\/index.php\/wp-json\/wp\/v2\/comments?post=377"}],"version-history":[{"count":4,"href":"https:\/\/www.wingsaway.de\/index.php\/wp-json\/wp\/v2\/pages\/377\/revisions"}],"predecessor-version":[{"id":589,"href":"https:\/\/www.wingsaway.de\/index.php\/wp-json\/wp\/v2\/pages\/377\/revisions\/589"}],"wp:attachment":[{"href":"https:\/\/www.wingsaway.de\/index.php\/wp-json\/wp\/v2\/media?parent=377"}],"curies":[{"name":"wp","href":"https:\/\/api.w.org\/{rel}","templated":true}]}}